housands digit of 404555?
4
What is the tens digit of 345811?
1
What is the thousands digit of 189563?
9
What is the tens digit of 293580?
8
What is the units digit of 173877?
7
What is the ten thousands digit of 12409021?
0
What is the hundreds digit of 66028?
0
What is the thousands digit of 393080?
3
What is the hundreds digit of 747337?
3
What is the tens digit of 20650041?
4
What is the millions digit of 1599141?
1
What is the hundreds digit of 273867?
8
What is the units digit of 2091127?
7
What is the millions digit of 1259575?
1
What is the hundred thousands digit of 540449?
5
What is the units digit of 28756675?
5
What is the tens digit of 2487602?
0
What is the hundreds digit of 8181267?
2
What is the hundreds digit of 1217796?
7
What is the hundreds digit of 156975?
9
What is the tens digit of 127162?
6
What is the units digit of 5158116?
6
What is the millions digit of 3061466?
3
What is the tens digit of 127738?
3
What is the units digit of 60032?
2
What is the units digit of 6651732?
2
What is the ten thousands digit of 124091?
2
What is the ten thousands digit of 840984?
4
What is the ten thousands digit of 412685?
1
What is the hundred thousands digit of 417728?
4
What is the ten millions digit of 11085800?
1
What is the thousands digit of 24746317?
6
What is the hundreds digit of 5434537?
5
What is the ten thousands digit of 35121600?
2
What is the hundreds digit of 378867?
8
What is the hundred thousands digit of 1010905?
0
What is the tens digit of 233344?
4
What is the hundred thousands digit of 2249186?
2
What is the hundreds digit of 519746?
7
What is the ten thousands digit of 790193?
9
What is the hundred thousands digit of 391433?
3
What is the units digit of 16968403?
3
What is the millions digit of 1687426?
1
What is the thousands digit of 384640?
4
What is the tens digit of 2864868?
6
What is the thousands digit of 601328?
1
What is the units digit of 684615?
5
What is the thousands digit of 1210888?
0
What is the ten thousands digit of 21442274?
4
What is the millions digit of 1371753?
1
What is the ten thousands digit of 2015245?
1
What is the hundreds digit of 2836668?
6
What is the hundred thousands digit of 863905?
8
What is the millions digit of 1188180?
1
What is the units digit of 377915?
5
What is the units digit of 157869?
9
What is the ten thousands digit of 4126798?
2
What is the units digit of 2299?
9
What is the hundreds digit of 2280025?
0
What is the units digit of 13059059?
9
What is the hundreds digit of 5112186?
1
What is the units digit of 200212?
2
What is the hundreds digit of 31656193?
1
What is the hundreds digit of 5699061?
0
What is the hundred thousands digit of 348921?
3
What is the ten thousands digit of 386574?
8
What is the units digit of 56815?
5
What is the units digit of 131128?
8
What is the hundreds digit of 256199?
1
What is the tens digit of 365903?
0
What is the units digit of 2312770?
0
What is the thousands digit of 2131668?
1
What is the hundreds digit of 783378?
3
What is the ten thousands digit of 272309?
7
What is the hundreds digit of 15690963?
9
What is the tens digit of 1947911?
1
What is the hundreds digit of 654885?
8
What is the hundred thousands digit of 4350582?
3
What is the units digit of 294704?
4
What is the ten thousands digit of 5692818?
9
What is the millions digit of 9607599?
9
What is the thousands digit of 31058?
1
What is the hundred thousands digit of 9532981?
5
What is the hundreds digit of 63793?
7
What is the tens digit of 1533528?
2
What is the thousands digit of 905763?
5
What is the thousands digit of 1087778?
7
What is the thousands digit of 620330?
0
What is the units digit of 326707?
7
What is the thousands digit of 1807366?
7
What is the thousands digit of 106765?
6
What is the thousands digit of 96784?
6
What is the hundred thousands digit of 644402?
6
What is the thousands digit of 570350?
0
What is the tens digit of 11215222?
2
What is the hundreds digit of 4419246?
2
What is the tens digit of 5138254?
5
What is the thousands digit of 112068?
2
What is the thousands digit of 119507?
9
What is the hundreds digit of 2276705?
7
What is the ten thousands digit of 4147025?
4
What is the tens digit of 1524191?
9
What is the ten thousands digit of 418605?
1
What is the thousands digit of 5541151?
1
What is the hundred thousands digit of 377614?
3
What is the hundreds digit of 3326245?
2
What is the units digit of 5481419?
9
What is the hundred thousands digit of 215107?
2
What is the thousands digit of 409737?
9
What is the hundred thousands digit of 232891?
2
What is the ten thousands digit of 12397096?
9
What is the ten thousands digit of 261939?
6
What is the thousands digit of 1204922?
4
What is the thousands digit of 197172?
7
What is the thousands digit of 584945?
4
What is the hundreds digit of 18530493?
4
What is the hundred thousands digit of 170870?
1
What is the tens digit of 449887?
8
What is the hundred thousands digit of 480965?
4
What is the hundred thousands digit of 642735?
6
What is the hundred thousands digit of 119549?
1
What is the units digit of 6131716?
6
What is the ten millions digit of 13153779?
1
What is the thousands digit of 512577?
2
What is the ten thousands digit of 656636?
5
What is the tens digit of 10628308?
0
What is the tens digit of 509220?
2
What is the tens digit of 4627502?
0
What is the hundreds digit of 1210356?
3
What is the units digit of 27610886?
6
What is the hundred thousands digit of 7583789?
5
What is the hundreds digit of 586608?
6
What is the hundreds digit of 876381?
3
What is the millions digit of 1510389?
1
What is the hundreds digit of 212704?
7
What is the ten thousands digit of 1771242?
7
What is the tens digit of 1563820?
2
What is the ten thousands digit of 16103381?
0
What is the millions digit of 5482580?
5
What is the hundreds digit of 35277?
2
What is the hundred thousands digit of 319813?
3
What is the hundreds digit of 1195503?
5
What is the ten thousands digit of 10923337?
2
What is the hundred thousands digit of 1607787?
6
What is the thousands digit of 762202?
2
What is the units digit of 349460?
0
What is the ten thousands digit of 217405?
1
What is the thousands digit of 3564986?
4
What is the units digit of 1961362?
2
What is the tens digit of 583860?
6
What is the hundred thousands digit of 2033606?
0
What is the hundreds digit of 1539930?
9
What is the thousands digit of 797452?
7
What is the thousands digit of 169460?
9
What is the thousands digit of 998012?
8
What is the tens digit of 327694?
9
What is the tens digit of 8914302?
0
What is the units digit of 890478?
8
What is the tens digit of 7427952?
5
What is the tens digit of 1009750?
5
What is the ten millions digit of 12600931?
1
What is the hundred thousands digit of 11897871?
8
What is the hundreds digit of 74677?
6
What is the millions digit of 1111333?
1
What is the units digit of 55310?
0
What is the hundred thousands digit of 450790?
4
What is the thousands digit of 619165?
9
What is the hundred thousands digit of 1379935?
3
What is the hundreds digit of 100089?
0
What is the hundreds digit of 805764?
7
What is the thousands digit of 908710?
8
What is the ten thousands digit of 600008?
0
What is the units digit of 1657531?
1
What is the thousands digit of 13016?
3
What is the tens digit of 816003?
0
What is the units digit of 21703279?
9
What is the tens digit of 8093?
9
What is the units digit of 2561233?
3
What is the ten thousands digit of 398258?
9
What is the ten thousands digit of 449902?
4
What is the tens digit of 454311?
1
What is the ten thousands digit of 14514?
1
What is the tens digit of 7822822?
2
What is the ten thousands digit of 110552?
1
What is the thousands digit of 2307874?
7
What is the thousands digit of 12641958?
1
What is the hundreds digit of 487597?
5
What is the hundred thousands digit of 2040380?
0
What is the ten thousands digit of 161827?
6
What is the units digit of 682895?
5
What is the tens digit of 271886?
8
What is the ten thousands digit of 277158?
7
What is the ten thousands digit of 2088104?
8
What is the units digit of 13014907?
7
What is the hundred thousands digit of 784549?
7
What is the hundred thousands digit of 218262?
2
What is the hundreds digit of 5323386?
